Let g be (1 + -6)*(86/(-10) + 3). Suppose 3*h = 2*d + 23 + 17, -74 = -5*h - 4*d. Calculate the greatest common factor of g and h.
14
Let k(b) = -b + 14. Suppose 19*r + 38 = 17*r. Let a be k(r). Calculate the highest common factor of a and 231.
33
Let o = 23 - 22. Let x be ((-26)/13)/(o/(-2)). Suppose -x*p = -n + 3 - 2, -4*n + 46 = 5*p. What is the greatest common factor of n and 27?
9
Suppose -7*x + 112 = -3*x. Let q be ((-5)/2 - -3)*-3892. Let u be (-2)/(-4) - q/28. What is the highest common divisor of u and x?
14
Let i(w) = 7*w**2 + w + 4. Let c be i(-3). Suppose 2*n - 66 = 28. Suppose -n*o - 40 = -52*o. What is the highest common divisor of c and o?
8
Let y(j) = 2*j + 1. Let h be y(13). What is the highest common factor of 27 and h?
27
Let d be 4 - (1 + 78/3). Let k = 29 + d. What is the greatest common divisor of 54 and k?
6
Let s(q) = q**2. Let t be s(-6). Let m(u) = -18*u - 12. Let g be m(-2). Calculate the greatest common factor of g and t.
12
Suppose -10505 - 7535 = -22*z. What is the greatest common divisor of z and 41?
41
Suppose -5*n + r + 1040 = 0, 2*r = -24*n + 25*n - 199. What is the highest common factor of n and 44?
11
Let x = 49 + -19. Suppose -c + 8 + 2 = 3*m, -5*m + c + x = 0. Suppose 2*w = m*w - 153. What is the greatest common factor of w and 17?
17
Let c(z) = -2 + 11*z**2 - 2*z + 2 - 2*z + 2. Let t be c(2). What is the greatest common divisor of 38 and t?
38
Let t(s) = 35*s - 705. Let y be t(21). Calculate the greatest common factor of y and 70.
10
Let m be (-18 + -3)*(-3 + -18) - -1. What is the highest common divisor of 39 and m?
13
Suppose -5*q = -6*q + j + 18, 5*q - 40 = -5*j. Let f(s) = 135*s + 8. Let u = -49 + 50. Let o be f(u). Calculate the highest common divisor of o and q.
13
Suppose 2*j - 11 = -0*j - 5*z, -3*z - 12 = -5*j. Calculate the greatest common divisor of j and 909.
3
Let m(l) = 12 - 3*l**2 + l**3 - 7*l + 0*l - 5*l**3 + 5*l**3. Let g be m(5). What is the greatest common divisor of 297 and g?
27
Suppose 2*j + 27 = -j. Let i be (-1)/(-2) - j/6. Calculate the highest common factor of i and 2.
2
Let f = -14 - -43. Calculate the greatest common factor of 58 and f.
29
Let f(v) = v. Let l(j) = -10*j - 2. Let a(o) = 3*f(o) + l(o). Let r be a(-2). Calculate the greatest common divisor of 18 and r.
6
Let x = 82 + -158. Let h be (301/14 + 1)*56/(-10). Let t = x - h. Calculate the greatest common divisor of t and 10.
10
Suppose -29 = -4*h + 3*s + 85, 0 = 3*h + 3*s - 75. What is the highest common factor of 3051 and h?
27
Let j = 15 - 3. Let a = j + 8. Let r be (a/14)/((-12)/(-84)). What is the greatest common divisor of r and 80?
10
Suppose 4*j = -3*x + 65, -x - 4*j - 7 = -26. What is the highest common factor of x and 207?
23
Suppose -129 = -5*b - 29. Let x be (-12)/b + (-253)/(-5). Suppose -2*k = 4*g - 32, g + g - 4 = -4*k. Calculate the greatest common divisor of g and x.
10
Suppose 0 = 3*i - 5*p - 102, 0 = -i - 3*i - 4*p + 136. Let m = i - -14. Calculate the highest common divisor of 32 and m.
16
Let o be (2/(-7))/(-1) + 194/7. Calculate the highest common factor of o and 28.
28
Let x(z) = -z**3 + 4*z**2 + 6*z - 3. Let v be x(5). Suppose 2*g + 0*g - 80 = 0. Suppose -8*r + g = -4*r. What is the greatest common divisor of r and v?
2
Let g = -13 + 10. Let u = 6 + g. Suppose u*v = -v + 12. What is the highest common divisor of 33 and v?
3
Suppose 0 = j + j + 4, 11 = -5*i + 2*j. Let x be (i + 1)/((-2)/36). What is the greatest common factor of x and 9?
9
Let j(u) = 46*u - 406. Let s be j(10). What is the greatest common factor of s and 30?
6
Suppose x - 10 = 2*k + 3, 5 = -x. Let r be (-8)/(-3)*k/(-6). Suppose 40 = 2*f + 2*f. Calculate the greatest common divisor of r and f.
2
Suppose -6*u - 243 = -2*n - u, -n + u + 126 = 0. What is the highest common factor of 43 and n?
43
Let z be (0 - 15)/(-45 + 42). What is the greatest common factor of z and 25?
5
Let p(t) = 33*t**3 - 2*t**2 + 20*t - 33. Let k be p(3). What is the highest common divisor of k and 12?
12
Let p(f) = 24*f**2 + 2*f - 4. Let t be p(2). Calculate the highest common divisor of 32 and t.
32
Let w(g) = -g**3 - 21*g**2 + 84. Let l be w(-21). What is the highest common factor of 36 and l?
12
Suppose -845 = 5*x - 1595. Calculate the greatest common divisor of x and 20.
10
Let g = -8 - -13. Suppose -15 = -3*t + 2*x, -t - g*x = 3 + 9. Suppose -2*q = 2*z - 22, -5*z + 7 = 3*q - 24. What is the highest common factor of t and q?
3
Let r(n) = n**3 - 5*n**2 + 7*n - 8. Let g be r(4). Suppose -g*j - 2*a = -48, -4*a - 2 = j - 14. What is the greatest common divisor of 18 and j?
6
Let p(m) = 2*m**2 + 121*m - 98. Let c be p(-63). What is the greatest common factor of c and 248?
31
Let a = -8 + 14. Suppose -4*b = -2*m + 28, 9*m - 4*m - 4*b = 64. What is the highest common divisor of a and m?
6
Let t = -210 + 228. Calculate the greatest common factor of 1206 and t.
18
Suppose -3*h + p + 101 = h, -4*h + 106 = -2*p. Suppose 0 = 11*k + 124 - 388. What is the highest common divisor of h and k?
24
Let r(b) = -8*b + 2. Let z be r(-2). Suppose 35*a - 1296 = 17*a. What is the greatest common divisor of z and a?
18
Let s(t) = t**2 - 26*t + 29. Let o be s(25). Suppose a - 84 = -4*z, -o*a - 2*z = 3*z - 391. What is the highest common factor of 8 and a?
8
Let k be -2*(2/(-10) - 2130/100). What is the greatest common divisor of 43 and k?
43
Suppose -10 = r - 4. Let y be 16/(-2)*(-3)/r. Let t be (-4 - -6) + y - -23. What is the greatest common factor of t and 3?
3
Suppose -4*f + 4 + 24 = 0. Suppose -45 = 5*y + 5*b, y - 1 = 2*y - 3*b. Let v(o) = -6*o + 7. Let q be v(y). What is the greatest common factor of q and f?
7
Let d(h) = -h**3 + h**2 - 10*h - 26. Let s be d(-4). What is the greatest common divisor of 235 and s?
47
Suppose -3*y + 75 + 458 = 5*w, 4*w = -y + 180. Let c = y + -22. Calculate the highest common factor of c and 14.
14
Let w be ((-85 - -4)/9)/(1/(-17)). Calculate the highest common factor of 17 and w.
17
Let x(b) = b**3 - 20*b**2 - 2*b + 44. Let u be x(20). Suppose -8 = -2*s, -2*a + u*s = a - 26. Calculate the highest common divisor of 126 and a.
14
Let m(z) = z**3 + 8*z**2 + 5*z + 9. Let g be (-51)/6 - 9/(-6). Let d be m(g). Suppose d + 13 = 3*s. What is the greatest common divisor of s and 84?
12
Let b be (-4)/(-2) + (-14 - -46). Let c = 94 - b. Calculate the greatest common factor of c and 40.
20
Let u(p) = -5*p - 2*p + p**2 + 9*p - 3. Let j be u(-4). Suppose 38 = j*t - 12. Calculate the greatest common factor of t and 70.
10
Let s = -207 + 495. What is the greatest common factor of 36 and s?
36
Suppose 0 = 3*j + 2*j + 10. Let f(y) = -26*y + 2. Let g be f(j). Suppose -5*t + 5 = 0, -3*d + 15 = -3*t - 36. What is the greatest common factor of d and g?
18
Suppose 198 = 3*r - 5*k, -4*r + 55 = -3*k - 198. Calculate the greatest common divisor of r and 2257.
61
Let r = 522 - 302. Let n = 310 - r. Calculate the highest common divisor of n and 10.
10
Let m = 24 - -96. What is the greatest common divisor of m and 40?
40
Suppose -s - 5 = 3*j + 2, 3*j = -4*s - 37. Let i be ((-4)/s)/((-11)/(-330)). Suppose -2*d - i + 14 = 0. Calculate the highest common divisor of d and 11.
1
Suppose -5*b + 4*c + 53 = 0, -b + c = -0*c - 11. Suppose 111*g + 24 = 114*g. Let i = g - -1. What is the greatest common divisor of i and b?
9
Suppose -6*q = -23 - 247. Let v = -2 + 2. Let u be 1 + 29 + (v - 0). Calculate the greatest common divisor of u and q.
15
Let i(x) = -2*x**2 + 7*x - 5. Let p be i(2). What is the highest common divisor of p and 2?
1
Let a(s) = -11*s**3 - 9*s**2 - 4*s + 54. Let d be a(-5). Calculate the greatest common factor of d and 288.
72
Suppose 4*d - 76 - 68 = 0. Suppose -60 = -719*r + 714*r. Calculate the highest common divisor of r and d.
12
Suppose -8*h = -5*n - 6*h + 270, -3*n + 183 = 3*h. What is the greatest common divisor of n and 21?
7
Suppose 0 = -6*c + 10*c + 48. Let i be -5*(4 - (-32)/(-10)) - c. Calculate the highest common divisor of 64 and i.
8
Let a = 977 - 571. What is the greatest common factor of a and 116?
58
Let w be (-29)/(-3) - (-1)/3. Let t = 8 + w. Let x = t - -15. Calculate the greatest common factor of 22 and x.
11
Suppose 4*a - 16 = -5*v + 358, -2 = v. Suppose -8 = -4*q, -3*c + 0*q = 3*q - a. What is the greatest common factor of c and 6?
6
Let b 